et s = -1400 + p. What is the hundreds digit of s?
6
Suppose 3*k - k + 909 = 3*s, -3*k - 1346 = -s. Let d = 679 + k. Suppose l - 2*r - d = 0, r - 694 = -3*l + 6*r. What is the tens digit of l?
2
Let x = 63 + 15. Let q be (4 + (-2)/1)*(2 - x). Let u = q + 274. What is the units digit of u?
2
Let o be -33140*((-76)/40 - 9/(-6)). What is the thousands digit of (38/(-152))/(26510/o + -2)?
1
Let v be -2 - (1 - 1*8). Let f(z) be the first derivative of 10*z**2 + 2*z - 36. What is the units digit of f(v)?
2
Suppose -t - 4 = 0, -3*w = 5*t - 5 + 7. Let p(g) = 37*g - 44. What is the hundreds digit of p(w)?
1
Let w be 0/2*(-11)/(-33). Suppose w = -2*r + 3*x - 475, 3*x - 806 = 3*r - 101. Let i = -96 - r. What is the tens digit of i?
3
Suppose 4*z - 27 = -7. Let v(t) = 22*t**2 - 3. What is the hundreds digit of v(z)?
5
Let y be -48*(-8 - 2*-1). Let k be 7/(-9*(-7)/162). What is the units digit of 10304/y - (-4)/k?
6
Let v(n) = 147*n**2 - 4*n - 3. Let b be v(5). Suppose 0 = 14*g - 3*g - b. What is the tens digit of g?
3
Suppose -330424 = -17*s - 38143. What is the units digit of s?
3
Suppose -2*i + 411 = -5*i. Let t = i - -260. What is the hundreds digit of t?
1
Suppose 3*u - 4*r = 177 - 31, -3*r = -u + 57. What is the units digit of 3640/2*u/105?
8
Let a = 21 - -38. Let q = a + 15. Suppose -2*b - 2*l = 2 - q, 2*l = -b + 33. What is the units digit of b?
9
Let w(b) = 58*b + 4. Let r be w(2). Let n = r - 118. Suppose n*m = 2*a + 398, 4*m + 149 - 972 = -5*a. What is the tens digit of m?
0
Suppose 2*p - 270 = n, -232 - 1073 = 5*n - p. Let z = 127 + n. Let g = z + 202. What is the units digit of g?
9
Suppose -5*i - 1968 + 6443 = 0. Suppose -889*h = -i*h + 3870. What is the units digit of h?
5
Let n(c) = -2*c**3 - 172*c**2 + 61*c + 277. What is the thousands digit of n(-87)?
0
What is the units digit of (-1185)/6*(-4 + 756/(-10))?
1
Let w = 2830 - -16434. What is the hundreds digit of w?
2
Suppose 10*z - 89190 = -5*z - 0*z. What is the thousands digit of z?
5
Let n(k) = -34*k. Let i be n(-1). Suppose -i + 41 = t. Let z = 15 + t. What is the units digit of z?
2
Suppose -5*f = -f - 484. Let p = 124 + -134. What is the units digit of f - 1 - (p + 8)?
2
Let s = -25 - -74. What is the tens digit of s/(-196) + ((-73)/(-4))/1?
1
Suppose 40*v = 42*v + 3*s - 31209, -v + 15602 = 4*s. What is the tens digit of v?
0
Let m(b) = 183*b**3 - 3*b**2 + 6*b - 6. Let z be m(2). Suppose 2*o + z = 5*r - 3*r, 5*o = 0. What is the tens digit of r?
2
Let k = 14180 + 24419. What is the hundreds digit of k?
5
Let w be (-2)/6*(-17 - -11). Suppose h - 52 = 2*a + 58, -318 = -3*h + w*a. Suppose 3*g - 28 - h = 0. What is the tens digit of g?
4
Suppose 44*v = 24*v + 60. Let g(h) = 163*h**2 - 3*h - 1. Let p be g(-2). Suppose -v*w - 3*s + p = 0, -2*w + 5*s - 226 = -699. What is the tens digit of w?
2
What is the ten thousands digit of 52110*((-26)/4 + 7)?
2
Let l be (16/(-6))/(-4)*(79 - -11). Let f = 56 - l. What is the hundreds digit of 2/2 + (f - -4) - -126?
1
Let a(q) = 2 - 1 - 14*q + 10*q. Let f be a(6). Let b = -4 - f. What is the tens digit of b?
1
Let t(f) = -5*f + 38. Let s be t(-4). Suppose -s = -x + 83. What is the tens digit of x?
4
Suppose -6*t = -3*t - 17*t + 290668. What is the units digit of t?
2
Let l = -15150 + 23497. Suppose -6*j - 1843 = -l. What is the thousands digit of j?
1
What is the tens digit of (-14)/(196/182) + 10211?
9
Let a = 608 - -178. Suppose -6*r + a = -1320. What is the units digit of r?
1
Let f(a) = -a**3 + 2*a**2 + 14*a + 5. Let p be f(-7). Let c be ((-8)/16)/(1/p). What is the units digit of c/4*(-8)/6?
8
Suppose -4*r = 2*r - 0*r. What is the hundreds digit of -471*(r - (-24)/(-18))?
6
Suppose -14*y - 10*y = 120. Let w(u) = -18*u + 20. Let a(x) = -54*x + 60. Let l(t) = -2*a(t) + 7*w(t). What is the units digit of l(y)?
0
What is the hundreds digit of ((0 + 10)/5)/(126954/(-18138) - -7)?
0
Let t be 12*(-5)/(-40) - (-2)/4. Suppose 4*n = -x + 5*n + 609, -t*x + 3*n = -1213. What is the tens digit of x?
1
Let y(s) = 3*s**2 - 3*s - 4. Let q(d) = -12*d - 10*d - d**3 + 16*d**2 + 23*d - 22 + 0*d**3. Let f be q(16). What is the units digit of y(f)?
2
Let d be (-30)/(-26) - 1 - 1180/65. What is the hundreds digit of ((-9)/d + -1)/(2/(-1172))?
2
Let t(j) = -2779*j + 5127. What is the ten thousands digit of t(-15)?
4
Let n(w) be the first derivative of w**4/4 - 9*w**3 + 47*w**2/2 + 33*w + 167. What is the hundreds digit of n(26)?
5
Suppose -2*d + 6 = 0, -2*d - 109 + 28 = -3*c. Suppose 26*q + 1470 = c*q. What is the hundreds digit of q?
4
Let f = 24872 - -219. What is the units digit of f?
1
Suppose 3*k - 3*v = 3335 + 904, 2*k - v - 2826 = 0. Suppose 6*u - 1077 = k. What is the hundreds digit of u?
4
Let k = 7955 - 2867. What is the units digit of k?
8
Let d(k) = 24*k**2 + 33*k + 693. What is the thousands digit of d(-17)?
7
Let y(i) = -i**2 + 8*i - 7. Let c be y(7). Let j = -2454 + 2461. Suppose -j*l + c*l = -1561. What is the tens digit of l?
2
Let g(j) = -56*j + 9. Suppose 0 = 11*m - 37 + 191. What is the units digit of g(m)?
3
Suppose -5*m = 11*m - 80. What is the hundreds digit of 4 - 2 - m - -447?
4
What is the thousands digit of -3*((-9)/(405/203706))/((-12)/(-10))?
1
Suppose -196 = -3*s + 2*z, 6*s - 265 = 2*s - z. Suppose s = i + 2*i. Let l = i + 53. What is the units digit of l?
5
Let w be (-156)/416 - (-5021)/(-8). Let v = w + 1705. What is the tens digit of v?
7
Let d(a) = -78 + 43 + 17*a**2 - 4*a + 47. What is the units digit of d(4)?
8
Let r(s) = 797*s + 8744. What is the units digit of r(27)?
3
Let a = 0 + 7. Suppose 5*z - 9521 = -5*w + a*w, 5*z + 3*w = 9531. What is the tens digit of z?
0
What is the units digit of (-270584)/(-32) - (-3)/(-4)?
5
Let o be 1*30/8*12/9. Suppose r - 174 = -2*j, 8*j - 334 = 4*j + o*r. What is the units digit of j?
6
Let j(a) = 2*a**2 + 9*a - 20. Suppose -1 = -3*z + 11. Suppose q - z*q = 27. What is the tens digit of j(q)?
6
Let c = 61081 + -26477. What is the units digit of c?
4
Let o(m) = -262*m + 10. Let w be o(-1). Let s be 142/(8/(-6)*(-15)/70). Let d = s - w. What is the units digit of d?
5
Suppose 17*h - 15*h = 34. Suppose -7 = -3*f + g - 0*g, 3*f = -4*g + h. What is the units digit of (-484)/(-12)*3 + 1*f?
4
Let d(y) = -y**3 - 7*y**2 - 12*y - 11. Let m(w) = -1 + 1 + w - 2*w. Let v be m(7). What is the units digit of d(v)?
3
Let j(r) = -80*r**2 - 6*r - 6. Let s be j(-1). Let o = s + 68. What is the units digit of o/36 + 202/3?
7
Let j = -62 - -67. Suppose 5*g = -5*v + 10, -4*g = -j*v + 2*v + 27. Suppose -v*s = 3*f - 310, -291 = -5*f + 5*s + 279. What is the hundreds digit of f?
1
Let d = 157 - 153. Suppose -2*p + n = d*n - 2164, -4*p - 4*n + 4332 = 0. What is the thousands digit of p?
1
Let l(u) be the second derivative of u**5/20 + 17*u**4/12 + 3*u**3 + 19*u**2 - 15*u. Let r be l(-16). Suppose 0 = -r*o + 134 + 10. What is the units digit of o?
4
Let h(c) = c + 25. Let l be h(-15). Suppose m + 2*u - 3 = -4, 0 = -4*m - 5*u - l. Let g(k) = -27*k - 19. What is the units digit of g(m)?
6
Let j(x) = 677*x**2 + 13*x + 2. What is the units digit of j(-1)?
6
What is the units digit of 258/3096 + (-227374)/(-24)?
4
Let c(n) = -n**3 + 4*n**2 + 5*n. Let y be c(5). Let v = y - -4. Suppose -2*o + u = -125, 195 = 3*o - 3*u + v*u. What is the units digit of o?
4
Suppose -6*v + 2*v = 8, 22 = 4*r - 5*v. Suppose 5*x - 25 = -r*a + 6*a, 2*x = 4*a + 24. Suppose m - x*k - 80 = 0, 0 = -3*k - 3 - 3. What is the units digit of m?
6
Suppose m = -1 + 2, -4*o + 5*m = -2015. Suppose -280 = -3*n - 0*n + 4*i, 5*n + i = o. What is the units digit of n?
0
Let k = 25161 + -17043. What is the tens digit of k?
1
Let f be (293/2)/(29/1740). Suppose -34*g = -24*g - f. What is the tens digit of g?
7
Suppose 3*y = -0*y - 21. What is the tens digit of (939 - y/1)*1?
4
Let d be (0 + -6)*(-22)/(-66). Let o be 1/(3/2265) - d. Suppose -4*q + 1002 = -8*t + 9*t, 0 = -3*q + 2*t + o. What is the units digit of q?
1
Let o = 30 + -25. Let b = o + -3. Let v(n) = 3*n**3 + 2*n**2 - 2*n + 2. What is the units digit of v(b)?
0
Suppose -3*f - 3*f - 3*f = 0. Suppose 1248 = 3*b - 5*t + 446, f = b - 3*t - 270. Suppose 0 = 3*n + 5*d - b, 0*n = n + 4*d - 88. What is the tens digit of n?
8
Let r(x) = x**3 - 7*x**2 + 4. Let f = -2 - -9. Let d be r(f). Suppose -d*y = -840 + 324. Wha